 p + 1. Let g be x(1). Let q = g - -4. Let t(d) = d - 1. Let h(f) = -9*f + 6. Let i(v) = -2*h(v) - 14*t(v). Calculate i(q).
-6
Let g(y) = y**3 - 4*y**2 - 6*y - 1. Let t = 42 - 28. Suppose -8*n = t - 46. Let j be 4*n/16*5. Determine g(j).
-6
Suppose -4*p - 3 - 1 = 5*f, -3*f = -p + 16. Let l(v) = v + 7. Give l(f).
3
Let g(q) be the first derivative of 1/2*q**2 - 14 - 3*q. Calculate g(4).
1
Let w(r) = -r**2 + 7*r + 47. Let l be w(-4). Let q(a) = 2*a**2 - 8*a + 3. Calculate q(l).
-3
Let g(w) = 6*w - 49. Let n be g(6). Let q be 40/(-260) + 76/n. Let o(r) = -4*r + 5*r + 15 - 5. What is o(q)?
4
Let r(u) = -3*u + 5. Let j be 2 - (3 - (3 + 1)). Suppose -y - j*y = -20. Calculate r(y).
-10
Let t(c) = 13*c**2 + 3*c - 1. Let o = -1535 + 1536. Give t(o).
15
Let j be (5 + 2)/(1 - 2). Let g(h) be the second derivative of -h**3/3 - 7*h**2/2 - 2*h - 790. What is g(j)?
7
Let h(d) be the first derivative of 6 - 1/3*d**3 - 11*d - 9/2*d**2. Calculate h(-8).
-3
Suppose m - 9 = -2*m. Suppose -1 = 8*h - 25. Suppose -5*p = 5*c + 15, -h = -5*c + m*p - 18. Let f(r) = -r**2 - 4*r + 1. Calculate f(c).
4
Let q(p) = 5 - 23*p + 25*p - p**2 + 4 - 9*p. Suppose j = -5*n - 41, 0*n - 2*j = -n - 6. Give q(n).
1
Let x(k) = -9*k + 7*k - 6 + 17. Give x(11).
-11
Suppose -217*q - 3 = -216*q + a, -a = 4*q + 24. Let n(b) = -b**2 - 9*b + 7. What is n(q)?
21
Let p(l) = -l**2 + 3*l - 7. Let b(m) = 14*m - 430. Let g be b(31). Calculate p(g).
-11
Let p(n) = 9*n**3 - 4*n**2 - n + 1. Let k(i) = -11*i**3 + 5*i**2 + i - 1. Let l(r) = -4*k(r) - 5*p(r). What is l(0)?
-1
Suppose -5*a - 2*t = 27, -4*a - 5*t = 2 + 23. Let v(m) be the second derivative of -m**4/12 - 5*m**3/6 - 2*m**2 + m. Calculate v(a).
-4
Suppose 0 = 2*a - 7 - 5. Suppose -4*w + 4 = -2*h, 5*h + a*w - 3*w - 3 = 0. Let i(v) = v + 13. Determine i(h).
13
Let r(x) = x - 209 - 217 + 622 - 204. Suppose -4*t + 4*i + 20 = 0, 4*t - 2*i - 18 = -0. Let d = t - -2. Give r(d).
-2
Let a(z) = z**3 + 5*z**2 + 2*z - 2. Suppose q - 2*i = 4*q - 19, q - 13 = -2*i. Suppose w - 4 = -o + 3*o, 8 = q*w - 5*o. Give a(w).
6
Let o(y) be the second derivative of y**3/3 + 33*y**2/2 + 144*y. Determine o(-12).
9
Let t(y) = -y + 9. Suppose -3*o = 8*o - 187. Let p be -3 + (-3 + o - 4). Determine t(p).
2
Let j(q) = -q**3 - 8*q**2 - 6*q + 6. Let m(i) = -29 + 7*i**3 - 2*i**3 + 39*i**2 - 3*i + 32*i. Let u(s) = 11*j(s) + 2*m(s). Calculate u(-9).
-1
Let z(w) be the third derivative of w**4/24 - w**3/3 + w**2 - 327. Let p be (-10)/4*24/(-20). What is z(p)?
1
Let l(g) = g + 4. Let i(w) = 3*w + 11. Let s(d) = -2*i(d) + 7*l(d). What is s(-3)?
3
Suppose -3*v - 10 + 22 = 3*t, -2*v + 11 = 5*t. Let q(h) = h**2 + 6*h - 16. Give q(v).
11
Let o(a) be the first derivative of 33 - 1/2*a**2 - 4*a. Give o(5).
-9
Let z(t) = -t**3 - 11*t**2 - 10*t + 4. Let p be z(-10). Suppose -3*r + 6 = 21, -p*y + 95 = -3*r. Let d(u) = y*u + 3 + 19*u - 40*u. Determine d(5).
-2
Let p(n) = 3*n. Let i be ((-3)/2)/(3/(-22)) + 0. Suppose 0 = -3*y - 3*t + 27, 12 - i = 4*y - 3*t. Calculate p(y).
12
Let z(j) = -5*j**3 - 4*j**2 - 4*j - 4. Let u(a) = -a**3 - a**2 - a - 1. Let r(g) = 6*u(g) - z(g). Let s = 17 + -11. Suppose -s*x - 2 = -5*x. Calculate r(x).
2
Let p(r) = 4*r**2 - 9*r**2 + 5*r**2 - 9*r + r**2 - 9. Calculate p(10).
1
Let g(v) = v + 1. Let q(u) = -11*u + 2. Let r be q(-2). Let x be (12/(-10))/(r/80). Let i be -3 + -1 + x + 2. Give g(i).
-5
Suppose -23 = 2*j + 3*s + 6, 0 = -j - s - 13. Let r be j*(-1 - (1 + -3)). Let i = 3 + r. Let o(t) = t + 5. Give o(i).
-2
Let x(j) = -j**2 - 3*j - 2. Let h be x(0). Let t(l) = 4*l**3 - l**2. Let g be t(1). Let c(p) = 4*p - 2*p**3 + 3 + p**g - 2*p. What is c(h)?
7
Let i(s) = 0*s - 6 + s - 2*s. Let b(f) = f**3 - 8*f**2 - 9*f + 3. Let x be b(9). Suppose 4*h + 2 = -5*l + 5, 12 = -h + x*l. Calculate i(h).
-3
Let r(h) = 5*h**3 - 21*h**2 - h + 1. Let f(a) = -a**3 + 4*a**2. Let k(m) = -11*f(m) - 2*r(m). Suppose 8 = -16*q + 40. Determine k(q).
2
Let i(h) be the first derivative of -h**4/24 + 2*h**3/3 + 5*h**2/2 - 1. Let r(a) be the second derivative of i(a). Suppose -5*k = -12 - 3. Calculate r(k).
1
Let z(x) be the first derivative of -4*x - 8 + 2/3*x**3 + 1/2*x**2. Determine z(-3).
11
Let i be 3 + (-37 - (-4 - 0)). Let n be 16/(-10) - (-12)/i. Let r(p) = -p**3 - 2*p**2 + 2. Give r(n).
2
Let b(m) = -8*m**2 - 22*m - 12. Let g(v) = 13*v**2 + 42*v + 23. Let z(s) = 5*b(s) + 3*g(s). Calculate z(16).
9
Let o = 12 - 10. Let g(c) = -3*c + 6. Let q(n) = -n + 1. Let v(r) = g(r) - 6*q(r). What is v(o)?
6
Let r(n) = -n - 12. Let u = -541 - -535. Determine r(u).
-6
Let w(y) = 3*y**2. Let z be w(-1). Suppose 2*u = 5*s + z*u + 20, s = -3*u + 10. Let l(n) = n**3 + 5*n**2 - 2*n - 5. What is l(s)?
5
Let t(z) = z**2 + 2*z - 8. Let a = -15 - -6. Let h be t(a). Suppose -h + 52 = -3*f. Let v(c) = -12*c**3 + 2*c**2 - 2*c + 1. Determine v(f).
-11
Let d(n) = -1 + 133198*n + n**2 - 133195*n - 2. Let k(h) = -2*h**2 - 1. Let l be k(1). Give d(l).
-3
Let v = 0 + -1. Let x(m) be the third derivative of -m**6/10 - m**5/30 - m**4/24 - 892*m**2. What is x(v)?
11
Let o be ((-1)/(5/(-4)))/((-28)/70). Let u(s) = s + 3. What is u(o)?
1
Let c(z) = 2*z**2 + z - 1. Let d be c(1). Let t(r) = r**2 - 3*r - 1. Let a be t(4). Let k(m) = -2*m**a - 2*m + m**3 - 1 + 4*m + 0. What is k(d)?
-5
Let z(t) = t**2 - t. Let j = 678 - 677. Give z(j).
0
Let o(t) = 4 + 4*t**2 - 13*t**2 - 5*t + 10*t**2. Let i = -9 + 13. Let a be 12/((2 - i) + 4). Calculate o(a).
10
Let c(p) = -p**2 - 13*p - 14. Let a be 3 + -1 - (-168)/(-12). Give c(a).
-2
Let d(f) = -4*f + 3. Let o = 71 + -68. Suppose -3*b - o = -15. Calculate d(b).
-13
Let l be (-876)/(-54) + 4/(-18). Suppose 5*d = -3*p + 22, 2*d + d - p = l. Let m(v) = -4*v + 6. Give m(d).
-14
Suppose 3 = -2*w + 3*c, 6*w + 2*c = 9*w + 12. Let h(q) be the first derivative of -q**4/4 - 7*q**3/3 - 4*q**2 - 6*q + 3. Calculate h(w).
6
Let z(b) = -2*b**2 - 6*b - 2. Let h be z(-4). Let u be (h/(-6))/(1/(-3)). Let t(d) be the first derivative of d**2/2 - 7. What is t(u)?
-5
Let p(n) be the second derivative of -n**5/20 - n**4/3 + n**3/6 + n**2/2 - 5*n. Suppose -5*o + 43 - 133 = 0. Let b = o + 14. Calculate p(b).
-3
Let d(q) = -4*q + 41. Let a(b) = -4*b + 45. Let v(m) = 4*a(m) - 5*d(m). Calculate v(7).
3
Let w(q) be the second derivative of q**4/4 - q**3/3 + q**2/2 + q. Let u be -57 + (-1)/5*-5. Let v = 57 + u. Determine w(v).
2
Let i(r) be the first derivative of -1/2*r**2 - 2*r + 29. What is i(5)?
-7
Let g(w) = 452*w + 465*w + 462*w + 7 - 1380*w. Let f be (-4)/(-6)*(-63)/(-6). Give g(f).
0
Let l(a) = -a**2 + 11*a - 7. Suppose -6*k = -12 - 6. Let q(i) = -i**2 + 11*i - 6. Let v(y) = k*q(y) - 4*l(y). What is v(7)?
-18
Let w(o) be the second derivative of -o**3/6 + 19*o**2/2 + 69*o. Determine w(17).
2
Let t(v) = v - 5. Let k be 40/(-16)*(-3 + 1). Let m be t(k). Suppose m = -b + h, -h + 4 = 3*b - 2*h. Let j(r) = -r**3 - r**2 + r - 2. Calculate j(b).
-12
Let d(l) = l + 2. Let f be -2 + (-1)/((-2)/(-70)). Let v = f - -37. Determine d(v).
2
Suppose 0 = -34*a + 31*a + 5*t - 11, 4*a = -5*t - 38. Let s(l) = -l. What is s(a)?
7
Let q(s) = s**2 - 8*s + 12. Let w(l) = -l**2 - 5*l + 1. Let x be w(-4). Let j be q(x). Let f(u) = 2*u - 3. What is f(j)?
-9
Let l(o) be the third derivative of o**6/90 + o**5/60 + o**4/8 + 13*o**3/6 - 30*o**2. Let z(y) be the first derivative of l(y). Calculate z(-2).
15
Let t(n) = n**2 - 5*n + 5. Let w be t(2). Let v be (5/(-25) + w)*5. Let p(x) = 3*x + 2. Calculate p(v).
-16
Let z be 7 - (3 + -2) - 2. Let x(n) = -25 - n**2 - 7*n - z*n**2 + n**3 + 24. Let o = 5 + 1. Determine x(o).
-7
Let v be (-4)/22 + 35/11. Let w(h) = -h**2 + h - 2. What is w(v)?
-8
Let m(c) = 1 + 0 - 719103*c**3 + 719104*c**3 + 3*c + 3*c**2. Let h be ((-3)/(-3) + 1)*-1. Calculate m(h).
-1
Let l be (1/(-2))/(1/(-6)). Suppose l*g + 3*a - 24 = 6*a, -2*a - 1 = 3*g. Let w(d) = -g*d + 0*d + 2*d. Calculate w(1).
-1
Suppose 15 = -q + 4*r, -r + 10 = 4*r. Let a(v) be the third derivative of -v**6/120 - v**5/10 + 7*v**4/24 + v**3/3 + 43*v**2. What is a(q)?
2
Let m(v) = 4*v. Let p be m(1). Let a(w) = w**3 + 2 + 3 - p*w**2 - 2 - 4 + w. Determine a(2).
-7
Suppose -13 = -2*u - 4*k - 5, 0 = 2*u + 2*k. Let m(v) = 2*v**2 + 5*v + 3. Give m(u).
15
Let f(y) = 1350*y - 47 - 2710*y + 1355*y. Calculate f(-10).
3
Let u(d) = -d**3 + 16*d**2 - 16*d 